{"id":12749,"date":"2015-01-06T16:48:30","date_gmt":"2015-01-06T16:48:30","guid":{"rendered":"http:\/\/localhost\/themes\/unicon\/?page_id=12749"},"modified":"2021-05-04T02:06:04","modified_gmt":"2021-05-04T00:06:04","slug":"services-2","status":"publish","type":"page","link":"https:\/\/butterfly-rks.com\/?page_id=12749","title":{"rendered":"Prodhim"},"content":{"rendered":"<p>[vc_row bg_color=&#8221;#a970bd&#8221; top_padding=&#8221;100&#8243; bottom_padding=&#8221;100&#8243;][vc_column width=&#8221;1\/1&#8243;]<h1 class=\"headline font-inherit fontsize-xxxxxl fontweight-300 lh-13 align-left transform-inherit \" style=\"margin: 0 0 40px 0; color: #ffffff;\">Prodhim<\/h1><div class=\"headline font-inherit fontsize-l fontweight-300 lh-inherit align-left transform-inherit \" style=\"margin: 0; color: #ffffff;\">Butterfly prodhon brend\u00ebt e mir\u00ebnjohura si Pelenat p\u00ebr f\u00ebmij\u00eb NINA, letrat e lagura p\u00ebr f\u00ebmij\u00eb BUTTERFLY dhe vatat higjienike t\u00eb ciklit dhe ditore BUTTERFLY dhe EVERYDAY.<\/div>[\/vc_column][\/vc_row][vc_row top_padding=&#8221;75&#8243; bottom_padding=&#8221;25&#8243; bg_position=&#8221;left top&#8221;][vc_column width=&#8221;1\/2&#8243;]<div class=\"single_image wpb_content_element align-center   image_zoom \" data-animation=\"none\" data-delay=\"0\"><a href=\"http:\/\/butterfly-rks.com\/?page_id=15684\" target=\"_self\"><img width=\"350\" height=\"350\" src=\"https:\/\/butterfly-rks.com\/wp-content\/uploads\/2021\/04\/butterfly-logo.png\" class=\"attachment-full\" alt=\"\" loading=\"lazy\" srcset=\"https:\/\/butterfly-rks.com\/wp-content\/uploads\/2021\/04\/butterfly-logo.png 350w, https:\/\/butterfly-rks.com\/wp-content\/uploads\/2021\/04\/butterfly-logo-300x300.png 300w, https:\/\/butterfly-rks.com\/wp-content\/uploads\/2021\/04\/butterfly-logo-150x150.png 150w, https:\/\/butterfly-rks.com\/wp-content\/uploads\/2021\/04\/butterfly-logo-80x80.png 80w\" sizes=\"(max-width: 350px) 100vw, 350px\" \/><\/a><\/div>[\/vc_column][vc_column width=&#8221;1\/2&#8243;]<div class=\"single_image wpb_content_element align-center   image_zoom \" data-animation=\"none\" data-delay=\"0\"><a href=\"http:\/\/butterfly-rks.com\/?page_id=15686\" target=\"_self\"><img width=\"350\" height=\"350\" src=\"https:\/\/butterfly-rks.com\/wp-content\/uploads\/2021\/04\/nina-logo.png\" class=\"attachment-full\" alt=\"\" loading=\"lazy\" srcset=\"https:\/\/butterfly-rks.com\/wp-content\/uploads\/2021\/04\/nina-logo.png 350w, https:\/\/butterfly-rks.com\/wp-content\/uploads\/2021\/04\/nina-logo-300x300.png 300w, https:\/\/butterfly-rks.com\/wp-content\/uploads\/2021\/04\/nina-logo-150x150.png 150w, https:\/\/butterfly-rks.com\/wp-content\/uploads\/2021\/04\/nina-logo-80x80.png 80w\" sizes=\"(max-width: 350px) 100vw, 350px\" \/><\/a><\/div>[\/vc_column][\/vc_row][vc_row top_padding=&#8221;25&#8243; bottom_padding=&#8221;125&#8243; bg_position=&#8221;left top&#8221;][vc_column width=&#8221;1\/3&#8243;]<div class=\"single_image wpb_content_element align-center   image_zoom \" data-animation=\"none\" data-delay=\"0\"><a href=\"http:\/\/butterfly-rks.com\/?page_id=15691\" target=\"_self\"><img width=\"269\" height=\"269\" src=\"https:\/\/butterfly-rks.com\/wp-content\/uploads\/2021\/04\/everytime-logo.png\" class=\"attachment-full\" alt=\"\" loading=\"lazy\" srcset=\"https:\/\/butterfly-rks.com\/wp-content\/uploads\/2021\/04\/everytime-logo.png 269w, https:\/\/butterfly-rks.com\/wp-content\/uploads\/2021\/04\/everytime-logo-150x150.png 150w, https:\/\/butterfly-rks.com\/wp-content\/uploads\/2021\/04\/everytime-logo-80x80.png 80w\" sizes=\"(max-width: 269px) 100vw, 269px\" \/><\/a><\/div>[\/vc_column][vc_column width=&#8221;1\/3&#8243;]<div class=\"single_image wpb_content_element align-center   image_zoom \" data-animation=\"none\" data-delay=\"0\"><a href=\"http:\/\/butterfly-rks.com\/?page_id=15689\" target=\"_self\"><img width=\"269\" height=\"269\" src=\"https:\/\/butterfly-rks.com\/wp-content\/uploads\/2021\/04\/class-logo-2.png\" class=\"attachment-full\" alt=\"\" loading=\"lazy\" srcset=\"https:\/\/butterfly-rks.com\/wp-content\/uploads\/2021\/04\/class-logo-2.png 269w, https:\/\/butterfly-rks.com\/wp-content\/uploads\/2021\/04\/class-logo-2-150x150.png 150w, https:\/\/butterfly-rks.com\/wp-content\/uploads\/2021\/04\/class-logo-2-80x80.png 80w\" sizes=\"(max-width: 269px) 100vw, 269px\" \/><\/a><\/div>[\/vc_column][vc_column width=&#8221;1\/3&#8243;]<div class=\"single_image wpb_content_element align-center   image_zoom \" data-animation=\"none\" data-delay=\"0\"><a href=\"http:\/\/butterfly-rks.com\/?page_id=15693\" target=\"_self\"><img width=\"269\" height=\"269\" src=\"https:\/\/butterfly-rks.com\/wp-content\/uploads\/2021\/04\/everyday-logo.png\" class=\"attachment-full\" alt=\"\" loading=\"lazy\" srcset=\"https:\/\/butterfly-rks.com\/wp-content\/uploads\/2021\/04\/everyday-logo.png 269w, https:\/\/butterfly-rks.com\/wp-content\/uploads\/2021\/04\/everyday-logo-150x150.png 150w, https:\/\/butterfly-rks.com\/wp-content\/uploads\/2021\/04\/everyday-logo-80x80.png 80w\" sizes=\"(max-width: 269px) 100vw, 269px\" \/><\/a><\/div>[\/vc_column][\/vc_row][vc_row bg_image=&#8221;15667&#8243; top_padding=&#8221;200&#8243; bottom_padding=&#8221;200&#8243;][vc_column width=&#8221;1\/1&#8243;]<a href=\"#\" target=\"_self\" class=\"button color-3 full \" style=\"border-radius: 2px;\">Peceta Higjenike<\/a>[\/vc_column][\/vc_row][vc_row bg_image=&#8221;15677&#8243; top_padding=&#8221;200&#8243; bottom_padding=&#8221;200&#8243;][vc_column width=&#8221;1\/1&#8243;]<a href=\"#\" target=\"_self\" class=\"button color-3 full \" style=\"border-radius: 2px;\">Faculeta<\/a>[\/vc_column][\/vc_row][vc_row bg_image=&#8221;15675&#8243; top_padding=&#8221;200&#8243; bottom_padding=&#8221;200&#8243;][vc_column width=&#8221;1\/1&#8243;]<a href=\"#\" target=\"_self\" class=\"button color-3 full \" style=\"border-radius: 2px;\">Pelena p\u00ebr F\u00ebmij\u00eb<\/a>[\/vc_column][\/vc_row][vc_row bg_image=&#8221;15682&#8243; top_padding=&#8221;200&#8243; bottom_padding=&#8221;200&#8243;][vc_column width=&#8221;1\/1&#8243;]<a href=\"#\" target=\"_self\" class=\"button color-3 full \" style=\"border-radius: 2px;\">Kozmetik\u00eb<\/a>[\/vc_column][\/vc_row][vc_row type=&#8221;full_width_section&#8221; bg_position=&#8221;left top&#8221;][vc_column width=&#8221;1\/1&#8243;]<div class=\"callout clearfix\" style=\"background-color:#a970bd; color:#ffffff;\">\n\t\t<div class=\"callout-text\">Kontakto me ne!<\/div>\n\t\t\t<div class=\"callout-button\"><a class=\"button medium color-8\" href=\"http:\/\/butterfly-rks.com\/?page_id=5050\" target=\"_self\">Kontakto<\/a><\/div>\n\t\t<\/div>[\/vc_column][\/vc_row]<\/p>\n","protected":false},"excerpt":{"rendered":"<p>[vc_row bg_color=&#8221;#a970bd&#8221; top_padding=&#8221;100&#8243; bottom_padding=&#8221;100&#8243;][vc_column width=&#8221;1\/1&#8243;][\/vc_column][\/vc_row][vc_row top_padding=&#8221;75&#8243; bottom_padding=&#8221;25&#8243; bg_position=&#8221;left top&#8221;][vc_column width=&#8221;1\/2&#8243;][\/vc_column][vc_column width=&#8221;1\/2&#8243;][\/vc_column][\/vc_row][vc_row top_padding=&#8221;25&#8243; bottom_padding=&#8221;125&#8243; bg_position=&#8221;left top&#8221;][vc_column width=&#8221;1\/3&#8243;][\/vc_column][vc_column width=&#8221;1\/3&#8243;][\/vc_column][vc_column width=&#8221;1\/3&#8243;][\/vc_column][\/vc_row][vc_row bg_image=&#8221;15667&#8243; top_padding=&#8221;200&#8243; bottom_padding=&#8221;200&#8243;][vc_column width=&#8221;1\/1&#8243;][\/vc_column][\/vc_row][vc_row bg_image=&#8221;15677&#8243; top_padding=&#8221;200&#8243; bottom_padding=&#8221;200&#8243;][vc_column width=&#8221;1\/1&#8243;][\/vc_column][\/vc_row][vc_row bg_image=&#8221;15675&#8243; top_padding=&#8221;200&#8243; bottom_padding=&#8221;200&#8243;][vc_column width=&#8221;1\/1&#8243;][\/vc_column][\/vc_row][vc_row bg_image=&#8221;15682&#8243; top_padding=&#8221;200&#8243; bottom_padding=&#8221;200&#8243;][vc_column width=&#8221;1\/1&#8243;][\/vc_column][\/vc_row][vc_row type=&#8221;full_width_section&#8221; bg_position=&#8221;left top&#8221;][vc_column width=&#8221;1\/1&#8243;][\/vc_column][\/vc_row]<\/p>\n","protected":false},"author":1,"featured_media":0,"parent":3182,"menu_order":0,"comment_status":"open","ping_status":"open","template":"","meta":[],"_links":{"self":[{"href":"https:\/\/butterfly-rks.com\/index.php?rest_route=\/wp\/v2\/pages\/12749"}],"collection":[{"href":"https:\/\/butterfly-rks.com\/index.php?rest_route=\/wp\/v2\/pages"}],"about":[{"href":"https:\/\/butterfly-rks.com\/index.php?rest_route=\/wp\/v2\/types\/page"}],"author":[{"embeddable":true,"href":"https:\/\/butterfly-rks.com\/index.php?rest_route=\/wp\/v2\/users\/1"}],"replies":[{"embeddable":true,"href":"https:\/\/butterfly-rks.com\/index.php?rest_route=%2Fwp%2Fv2%2Fcomments&post=12749"}],"version-history":[{"count":15,"href":"https:\/\/butterfly-rks.com\/index.php?rest_route=\/wp\/v2\/pages\/12749\/revisions"}],"predecessor-version":[{"id":15876,"href":"https:\/\/butterfly-rks.com\/index.php?rest_route=\/wp\/v2\/pages\/12749\/revisions\/15876"}],"up":[{"embeddable":true,"href":"https:\/\/butterfly-rks.com\/index.php?rest_route=\/wp\/v2\/pages\/3182"}],"wp:attachment":[{"href":"https:\/\/butterfly-rks.com\/index.php?rest_route=%2Fwp%2Fv2%2Fmedia&parent=12749"}],"curies":[{"name":"wp","href":"https:\/\/api.w.org\/{rel}","templated":true}]}}